{"id":2669,"date":"2018-04-13T11:09:22","date_gmt":"2018-04-13T11:09:22","guid":{"rendered":"http:\/\/naturetraveloffice.com\/?page_id=2669"},"modified":"2026-02-22T19:15:15","modified_gmt":"2026-02-22T19:15:15","slug":"vila-temis-lassi","status":"publish","type":"page","link":"https:\/\/naturetraveloffice.com\/en\/leto\/grcka\/grcka-ostrva\/kefalonija\/vila-temis-lassi\/","title":{"rendered":"Vila Temis \u2013 Lassi &#8211; Avio"},"content":{"rendered":"<p class=\"qtranxs-available-languages-message qtranxs-available-languages-message-en\">Sorry, this entry is only available in <a href=\"https:\/\/naturetraveloffice.com\/sr\/wp-json\/wp\/v2\/pages\/2669\" class=\"qtranxs-available-language-link qtranxs-available-language-link-sr\" title=\"Serbian\">Serbian<\/a>. For the sake of viewer convenience, the content is shown below in the alternative language. You may click the link to switch the active language.<\/p><p>se nalazi u srcu Lassi-ja, sa donje strane magistrale prema moru. Veoma lepa ku\u0107a sa prelepim dvori\u0161tem i parkingom. U neposrednoj blizini Vile Temis je hotel Lorenco kao i Hotel Mediteran, a prelepa pla\u017ea Makris Galos oko 400 m. U neposrednoj blizini Vile Temis se nalazi supermarket, kao i mno\u0161tvo restorana, taverni, kafi\u0107a i barova. Takodje u blizini Vile Temis postoje prodavnice suvenira, i prodavnice \u0161iroke potro\u0161nje, kao i pekare, poslasti\u010darnice. Agencija Sole Azur u ovoj vili poseduje dvokrevetne studije i trokrevetni apartman, \u00a0koji se nalaze u prizemnom delu ove prelepe vile. Preporuka za parove, kao i za pojedince.<\/p>","protected":false},"excerpt":{"rendered":"<p>Sorry, this entry is only available in Serbian. For the sake of viewer convenience, the content is shown below in the alternative language. You may click the link to switch the active language.se nalazi u srcu Lassi-ja, sa donje strane magistrale prema moru. Veoma lepa ku\u0107a sa prelepim dvori\u0161tem i parkingom. U neposrednoj blizini Vile [&hellip;]<\/p>\n","protected":false},"author":4,"featured_media":2670,"parent":889,"menu_order":1,"comment_status":"closed","ping_status":"closed","template":"templates\/template-cetvrta-dub.php","meta":{"footnotes":""},"class_list":["post-2669","page","type-page","status-publish","has-post-thumbnail","hentry"],"yoast_head":"<!-- This site is optimized with the Yoast SEO plugin v24.2 - https:\/\/yoast.com\/wordpress\/plugins\/seo\/ -->\n<title>Vila Temis \u2013 Lassi - Avio - Nature Travel Office<\/title>\n<meta name=\"robots\" content=\"index, follow, max-snippet:-1, max-image-preview:large, max-video-preview:-1\" \/>\n<link rel=\"canonical\" href=\"https:\/\/naturetraveloffice.com\/leto\/grcka\/grcka-ostrva\/kefalonija\/vila-temis-lassi\/\" \/>\n<meta property=\"og:locale\" content=\"en_US\" \/>\n<meta property=\"og:type\" content=\"article\" \/>\n<meta property=\"og:title\" content=\"Vila Temis \u2013 Lassi - Avio - Nature Travel Office\" \/>\n<meta property=\"og:description\" content=\"Sorry, this entry is only available in Serbian. For the sake of viewer convenience, the content is shown below in the alternative language. You may click the link to switch the active language.se nalazi u srcu Lassi-ja, sa donje strane magistrale prema moru. Veoma lepa ku\u0107a sa prelepim dvori\u0161tem i parkingom. U neposrednoj blizini Vile [&hellip;]\" \/>\n<meta property=\"og:url\" content=\"https:\/\/naturetraveloffice.com\/leto\/grcka\/grcka-ostrva\/kefalonija\/vila-temis-lassi\/\" \/>\n<meta property=\"og:site_name\" content=\"Nature Travel Office\" \/>\n<meta property=\"article:modified_time\" content=\"2026-02-22T19:15:15+00:00\" \/>\n<meta property=\"og:image\" content=\"https:\/\/naturetraveloffice.com\/wp-content\/uploads\/2018\/04\/Kefalonija-Themis-Lassi-37-S.jpg\" \/>\n\t<meta property=\"og:image:width\" content=\"640\" \/>\n\t<meta property=\"og:image:height\" content=\"480\" \/>\n\t<meta property=\"og:image:type\" content=\"image\/jpeg\" \/>\n<meta name=\"twitter:card\" content=\"summary_large_image\" \/>\n<meta name=\"twitter:label1\" content=\"Est. reading time\" \/>\n\t<meta name=\"twitter:data1\" content=\"1 minute\" \/>\n<script type=\"application\/ld+json\" class=\"yoast-schema-graph\">{\"@context\":\"https:\/\/schema.org\",\"@graph\":[{\"@type\":\"WebPage\",\"@id\":\"https:\/\/naturetraveloffice.com\/leto\/grcka\/grcka-ostrva\/kefalonija\/vila-temis-lassi\/\",\"url\":\"https:\/\/naturetraveloffice.com\/leto\/grcka\/grcka-ostrva\/kefalonija\/vila-temis-lassi\/\",\"name\":\"Vila Temis \u2013 Lassi - Avio - Nature Travel Office\",\"isPartOf\":{\"@id\":\"https:\/\/naturetraveloffice.com\/#website\"},\"primaryImageOfPage\":{\"@id\":\"https:\/\/naturetraveloffice.com\/leto\/grcka\/grcka-ostrva\/kefalonija\/vila-temis-lassi\/#primaryimage\"},\"image\":{\"@id\":\"https:\/\/naturetraveloffice.com\/leto\/grcka\/grcka-ostrva\/kefalonija\/vila-temis-lassi\/#primaryimage\"},\"thumbnailUrl\":\"https:\/\/naturetraveloffice.com\/wp-content\/uploads\/2018\/04\/Kefalonija-Themis-Lassi-37-S.jpg\",\"datePublished\":\"2018-04-13T11:09:22+00:00\",\"dateModified\":\"2026-02-22T19:15:15+00:00\",\"breadcrumb\":{\"@id\":\"https:\/\/naturetraveloffice.com\/leto\/grcka\/grcka-ostrva\/kefalonija\/vila-temis-lassi\/#breadcrumb\"},\"inLanguage\":\"en-US\",\"potentialAction\":[{\"@type\":\"ReadAction\",\"target\":[\"https:\/\/naturetraveloffice.com\/leto\/grcka\/grcka-ostrva\/kefalonija\/vila-temis-lassi\/\"]}]},{\"@type\":\"ImageObject\",\"inLanguage\":\"en-US\",\"@id\":\"https:\/\/naturetraveloffice.com\/leto\/grcka\/grcka-ostrva\/kefalonija\/vila-temis-lassi\/#primaryimage\",\"url\":\"https:\/\/naturetraveloffice.com\/wp-content\/uploads\/2018\/04\/Kefalonija-Themis-Lassi-37-S.jpg\",\"contentUrl\":\"https:\/\/naturetraveloffice.com\/wp-content\/uploads\/2018\/04\/Kefalonija-Themis-Lassi-37-S.jpg\",\"width\":\"640\",\"height\":\"480\"},{\"@type\":\"BreadcrumbList\",\"@id\":\"https:\/\/naturetraveloffice.com\/leto\/grcka\/grcka-ostrva\/kefalonija\/vila-temis-lassi\/#breadcrumb\",\"itemListElement\":[{\"@type\":\"ListItem\",\"position\":1,\"name\":\"Po\u010detna\",\"item\":\"https:\/\/naturetraveloffice.com\/\"},{\"@type\":\"ListItem\",\"position\":2,\"name\":\"Letovanje\",\"item\":\"https:\/\/naturetraveloffice.com\/leto\/\"},{\"@type\":\"ListItem\",\"position\":3,\"name\":\"Gr\u010dka\",\"item\":\"https:\/\/naturetraveloffice.com\/leto\/grcka\/\"},{\"@type\":\"ListItem\",\"position\":4,\"name\":\"Gr\u010dka ostrva\",\"item\":\"https:\/\/naturetraveloffice.com\/leto\/grcka\/grcka-ostrva\/\"},{\"@type\":\"ListItem\",\"position\":5,\"name\":\"Kefalonija\",\"item\":\"https:\/\/naturetraveloffice.com\/leto\/grcka\/grcka-ostrva\/kefalonija\/\"},{\"@type\":\"ListItem\",\"position\":6,\"name\":\"Vila Temis \u2013 Lassi &#8211; Avio\"}]},{\"@type\":\"WebSite\",\"@id\":\"https:\/\/naturetraveloffice.com\/#website\",\"url\":\"https:\/\/naturetraveloffice.com\/\",\"name\":\"Nature Travel Office\",\"description\":\"\",\"potentialAction\":[{\"@type\":\"SearchAction\",\"target\":{\"@type\":\"EntryPoint\",\"urlTemplate\":\"https:\/\/naturetraveloffice.com\/?s={search_term_string}\"},\"query-input\":{\"@type\":\"PropertyValueSpecification\",\"valueRequired\":true,\"valueName\":\"search_term_string\"}}],\"inLanguage\":\"en-US\"}]}<\/script>\n<!-- \/ Yoast SEO plugin. -->","yoast_head_json":{"title":"Vila Temis \u2013 Lassi - Avio - Nature Travel Office","robots":{"index":"index","follow":"follow","max-snippet":"max-snippet:-1","max-image-preview":"max-image-preview:large","max-video-preview":"max-video-preview:-1"},"canonical":"https:\/\/naturetraveloffice.com\/leto\/grcka\/grcka-ostrva\/kefalonija\/vila-temis-lassi\/","og_locale":"en_US","og_type":"article","og_title":"Vila Temis \u2013 Lassi - Avio - Nature Travel Office","og_description":"Sorry, this entry is only available in Serbian. For the sake of viewer convenience, the content is shown below in the alternative language. You may click the link to switch the active language.se nalazi u srcu Lassi-ja, sa donje strane magistrale prema moru. Veoma lepa ku\u0107a sa prelepim dvori\u0161tem i parkingom. U neposrednoj blizini Vile [&hellip;]","og_url":"https:\/\/naturetraveloffice.com\/leto\/grcka\/grcka-ostrva\/kefalonija\/vila-temis-lassi\/","og_site_name":"Nature Travel Office","article_modified_time":"2026-02-22T19:15:15+00:00","og_image":[{"width":640,"height":480,"url":"https:\/\/naturetraveloffice.com\/wp-content\/uploads\/2018\/04\/Kefalonija-Themis-Lassi-37-S.jpg","type":"image\/jpeg"}],"twitter_card":"summary_large_image","twitter_misc":{"Est. reading time":"1 minute"},"schema":{"@context":"https:\/\/schema.org","@graph":[{"@type":"WebPage","@id":"https:\/\/naturetraveloffice.com\/leto\/grcka\/grcka-ostrva\/kefalonija\/vila-temis-lassi\/","url":"https:\/\/naturetraveloffice.com\/leto\/grcka\/grcka-ostrva\/kefalonija\/vila-temis-lassi\/","name":"Vila Temis \u2013 Lassi - Avio - Nature Travel Office","isPartOf":{"@id":"https:\/\/naturetraveloffice.com\/#website"},"primaryImageOfPage":{"@id":"https:\/\/naturetraveloffice.com\/leto\/grcka\/grcka-ostrva\/kefalonija\/vila-temis-lassi\/#primaryimage"},"image":{"@id":"https:\/\/naturetraveloffice.com\/leto\/grcka\/grcka-ostrva\/kefalonija\/vila-temis-lassi\/#primaryimage"},"thumbnailUrl":"https:\/\/naturetraveloffice.com\/wp-content\/uploads\/2018\/04\/Kefalonija-Themis-Lassi-37-S.jpg","datePublished":"2018-04-13T11:09:22+00:00","dateModified":"2026-02-22T19:15:15+00:00","breadcrumb":{"@id":"https:\/\/naturetraveloffice.com\/leto\/grcka\/grcka-ostrva\/kefalonija\/vila-temis-lassi\/#breadcrumb"},"inLanguage":"en-US","potentialAction":[{"@type":"ReadAction","target":["https:\/\/naturetraveloffice.com\/leto\/grcka\/grcka-ostrva\/kefalonija\/vila-temis-lassi\/"]}]},{"@type":"ImageObject","inLanguage":"en-US","@id":"https:\/\/naturetraveloffice.com\/leto\/grcka\/grcka-ostrva\/kefalonija\/vila-temis-lassi\/#primaryimage","url":"https:\/\/naturetraveloffice.com\/wp-content\/uploads\/2018\/04\/Kefalonija-Themis-Lassi-37-S.jpg","contentUrl":"https:\/\/naturetraveloffice.com\/wp-content\/uploads\/2018\/04\/Kefalonija-Themis-Lassi-37-S.jpg","width":"640","height":"480"},{"@type":"BreadcrumbList","@id":"https:\/\/naturetraveloffice.com\/leto\/grcka\/grcka-ostrva\/kefalonija\/vila-temis-lassi\/#breadcrumb","itemListElement":[{"@type":"ListItem","position":1,"name":"Po\u010detna","item":"https:\/\/naturetraveloffice.com\/"},{"@type":"ListItem","position":2,"name":"Letovanje","item":"https:\/\/naturetraveloffice.com\/leto\/"},{"@type":"ListItem","position":3,"name":"Gr\u010dka","item":"https:\/\/naturetraveloffice.com\/leto\/grcka\/"},{"@type":"ListItem","position":4,"name":"Gr\u010dka ostrva","item":"https:\/\/naturetraveloffice.com\/leto\/grcka\/grcka-ostrva\/"},{"@type":"ListItem","position":5,"name":"Kefalonija","item":"https:\/\/naturetraveloffice.com\/leto\/grcka\/grcka-ostrva\/kefalonija\/"},{"@type":"ListItem","position":6,"name":"Vila Temis \u2013 Lassi &#8211; Avio"}]},{"@type":"WebSite","@id":"https:\/\/naturetraveloffice.com\/#website","url":"https:\/\/naturetraveloffice.com\/","name":"Nature Travel Office","description":"","potentialAction":[{"@type":"SearchAction","target":{"@type":"EntryPoint","urlTemplate":"https:\/\/naturetraveloffice.com\/?s={search_term_string}"},"query-input":{"@type":"PropertyValueSpecification","valueRequired":true,"valueName":"search_term_string"}}],"inLanguage":"en-US"}]}},"_links":{"self":[{"href":"https:\/\/naturetraveloffice.com\/en\/wp-json\/wp\/v2\/pages\/2669","targetHints":{"allow":["GET"]}}],"collection":[{"href":"https:\/\/naturetraveloffice.com\/en\/wp-json\/wp\/v2\/pages"}],"about":[{"href":"https:\/\/naturetraveloffice.com\/en\/wp-json\/wp\/v2\/types\/page"}],"author":[{"embeddable":true,"href":"https:\/\/naturetraveloffice.com\/en\/wp-json\/wp\/v2\/users\/4"}],"replies":[{"embeddable":true,"href":"https:\/\/naturetraveloffice.com\/en\/wp-json\/wp\/v2\/comments?post=2669"}],"version-history":[{"count":0,"href":"https:\/\/naturetraveloffice.com\/en\/wp-json\/wp\/v2\/pages\/2669\/revisions"}],"up":[{"embeddable":true,"href":"https:\/\/naturetraveloffice.com\/en\/wp-json\/wp\/v2\/pages\/889"}],"wp:featuredmedia":[{"embeddable":true,"href":"https:\/\/naturetraveloffice.com\/en\/wp-json\/wp\/v2\/media\/2670"}],"wp:attachment":[{"href":"https:\/\/naturetraveloffice.com\/en\/wp-json\/wp\/v2\/media?parent=2669"}],"curies":[{"name":"wp","href":"https:\/\/api.w.org\/{rel}","templated":true}]}}

<p class="qtranxs-available-languages-message qtranxs-available-languages-message-en">Sorry, this entry is only available in <a href="https://naturetraveloffice.com/sr/wp-json/wp/v2/pages/2669" class="qtranxs-available-language-link qtranxs-available-language-link-sr" title="Serbian">Serbian</a>. For the sake of viewer convenience, the content is shown below in the alternative language. You may click the link to switch the active language.</p><p>se nalazi u srcu Lassi-ja, sa donje strane magistrale prema moru. Veoma lepa kuća sa prelepim dvorištem i parkingom. U neposrednoj blizini Vile Temis je hotel Lorenco kao i Hotel Mediteran, a prelepa plaža Makris Galos oko 400 m. U neposrednoj blizini Vile Temis se nalazi supermarket, kao i mnoštvo restorana, taverni, kafića i barova. Takodje u blizini Vile Temis postoje prodavnice suvenira, i prodavnice široke potrošnje, kao i pekare, poslastičarnice. Agencija Sole Azur u ovoj vili poseduje dvokrevetne studije i trokrevetni apartman,  koji se nalaze u prizemnom delu ove prelepe vile. Preporuka za parove, kao i za pojedince.</p>

<p>Sorry, this entry is only available in Serbian. For the sake of viewer convenience, the content is shown below in the alternative language. You may click the link to switch the active language.se nalazi u srcu Lassi-ja, sa donje strane magistrale prema moru. Veoma lepa kuća sa prelepim dvorištem i parkingom. U neposrednoj blizini Vile [&hellip;]</p>

<!-- This site is optimized with the Yoast SEO plugin v24.2 - https://yoast.com/wordpress/plugins/seo/ -->
<title>Vila Temis – Lassi - Avio - Nature Travel Office</title>
<meta name="robots" content="index, follow, max-snippet:-1, max-image-preview:large, max-video-preview:-1" />
<link rel="canonical" href="https://naturetraveloffice.com/leto/grcka/grcka-ostrva/kefalonija/vila-temis-lassi/" />
<meta property="og:locale" content="en_US" />
<meta property="og:type" content="article" />
<meta property="og:title" content="Vila Temis – Lassi - Avio - Nature Travel Office" />
<meta property="og:description" content="Sorry, this entry is only available in Serbian. For the sake of viewer convenience, the content is shown below in the alternative language. You may click the link to switch the active language.se nalazi u srcu Lassi-ja, sa donje strane magistrale prema moru. Veoma lepa kuća sa prelepim dvorištem i parkingom. U neposrednoj blizini Vile [&hellip;]" />
<meta property="og:url" content="https://naturetraveloffice.com/leto/grcka/grcka-ostrva/kefalonija/vila-temis-lassi/" />
<meta property="og:site_name" content="Nature Travel Office" />
<meta property="article:modified_time" content="2026-02-22T19:15:15+00:00" />
<meta property="og:image" content="https://naturetraveloffice.com/wp-content/uploads/2018/04/Kefalonija-Themis-Lassi-37-S.jpg" />
	<meta property="og:image:width" content="640" />
	<meta property="og:image:height" content="480" />
	<meta property="og:image:type" content="image/jpeg" />
<meta name="twitter:card" content="summary_large_image" />
<meta name="twitter:label1" content="Est. reading time" />
	<meta name="twitter:data1" content="1 minute" />
<script type="application/ld+json" class="yoast-schema-graph">{"@context":"https://schema.org","@graph":[{"@type":"WebPage","@id":"https://naturetraveloffice.com/leto/grcka/grcka-ostrva/kefalonija/vila-temis-lassi/","url":"https://naturetraveloffice.com/leto/grcka/grcka-ostrva/kefalonija/vila-temis-lassi/","name":"Vila Temis – Lassi - Avio - Nature Travel Office","isPartOf":{"@id":"https://naturetraveloffice.com/#website"},"primaryImageOfPage":{"@id":"https://naturetraveloffice.com/leto/grcka/grcka-ostrva/kefalonija/vila-temis-lassi/#primaryimage"},"image":{"@id":"https://naturetraveloffice.com/leto/grcka/grcka-ostrva/kefalonija/vila-temis-lassi/#primaryimage"},"thumbnailUrl":"https://naturetraveloffice.com/wp-content/uploads/2018/04/Kefalonija-Themis-Lassi-37-S.jpg","datePublished":"2018-04-13T11:09:22+00:00","dateModified":"2026-02-22T19:15:15+00:00","breadcrumb":{"@id":"https://naturetraveloffice.com/leto/grcka/grcka-ostrva/kefalonija/vila-temis-lassi/#breadcrumb"},"inLanguage":"en-US","potentialAction":[{"@type":"ReadAction","target":["https://naturetraveloffice.com/leto/grcka/grcka-ostrva/kefalonija/vila-temis-lassi/"]}]},{"@type":"ImageObject","inLanguage":"en-US","@id":"https://naturetraveloffice.com/leto/grcka/grcka-ostrva/kefalonija/vila-temis-lassi/#primaryimage","url":"https://naturetraveloffice.com/wp-content/uploads/2018/04/Kefalonija-Themis-Lassi-37-S.jpg","contentUrl":"https://naturetraveloffice.com/wp-content/uploads/2018/04/Kefalonija-Themis-Lassi-37-S.jpg","width":"640","height":"480"},{"@type":"BreadcrumbList","@id":"https://naturetraveloffice.com/leto/grcka/grcka-ostrva/kefalonija/vila-temis-lassi/#breadcrumb","itemListElement":[{"@type":"ListItem","position":1,"name":"Početna","item":"https://naturetraveloffice.com/"},{"@type":"ListItem","position":2,"name":"Letovanje","item":"https://naturetraveloffice.com/leto/"},{"@type":"ListItem","position":3,"name":"Grčka","item":"https://naturetraveloffice.com/leto/grcka/"},{"@type":"ListItem","position":4,"name":"Grčka ostrva","item":"https://naturetraveloffice.com/leto/grcka/grcka-ostrva/"},{"@type":"ListItem","position":5,"name":"Kefalonija","item":"https://naturetraveloffice.com/leto/grcka/grcka-ostrva/kefalonija/"},{"@type":"ListItem","position":6,"name":"Vila Temis – Lassi &#8211; Avio"}]},{"@type":"WebSite","@id":"https://naturetraveloffice.com/#website","url":"https://naturetraveloffice.com/","name":"Nature Travel Office","description":"","potentialAction":[{"@type":"SearchAction","target":{"@type":"EntryPoint","urlTemplate":"https://naturetraveloffice.com/?s={search_term_string}"},"query-input":{"@type":"PropertyValueSpecification","valueRequired":true,"valueName":"search_term_string"}}],"inLanguage":"en-US"}]}</script>
<!-- / Yoast SEO plugin. -->

Sorry, this entry is only available in Serbian. For the sake of viewer convenience, the content is shown below in the alternative language. You may click the link to switch the active language.se nalazi u srcu Lassi-ja, sa donje strane magistrale prema moru. Veoma lepa kuća sa prelepim dvorištem i parkingom. U neposrednoj blizini Vile [&hellip;]

Početna

Grčka

Grčka ostrva
