{"id":18135,"date":"2026-02-20T19:58:45","date_gmt":"2026-02-20T19:58:45","guid":{"rendered":"https:\/\/naturetraveloffice.com\/?page_id=18135"},"modified":"2026-02-20T19:58:45","modified_gmt":"2026-02-20T19:58:45","slug":"vila-edem-limenas","status":"publish","type":"page","link":"https:\/\/naturetraveloffice.com\/en\/leto\/grcka\/grcka-ostrva\/tasos\/vila-edem-limenas\/","title":{"rendered":"Vila Edem &#8211; Limenas"},"content":{"rendered":"<p class=\"qtranxs-available-languages-message qtranxs-available-languages-message-en\">Sorry, this entry is only available in <a href=\"https:\/\/naturetraveloffice.com\/sr\/wp-json\/wp\/v2\/pages\/18135\" class=\"qtranxs-available-language-link qtranxs-available-language-link-sr\" title=\"Serbian\">Serbian<\/a>. For the sake of viewer convenience, the content is shown below in the alternative language. You may click the link to switch the active language.<\/p><p><em>se nalazi u centralnom delu glavnog grada ostrva Tasos Limenas. Lokacijski, vila Edem je na 400 metara udaljena od luke, centra i \u0161etali\u0161ta, a od najbli\u017ee pla\u017ee nekih 600 metara. Vila Edem je okru\u017eena zelenilom, gde u potpunom miru mo\u017eete u\u017eivati pored prelepog bazena koji vila poseduje. Prelepo dvori\u0161te sa puno drve\u0107a Vam donosi spokoj iako ste u skoro strogom centru glavnog grada. Pored bazena je i pool bar gde se mo\u017eete osve\u017eiti ili eventualno pojesti ne\u0161to. Vila Edem je osim za parove i dru\u0161tvo, jako pogodna i za porodice, jer pored pomenutog bazena, vila poseduje razne \u201eigra\u010dke\u201c za decu (mini tobogani, vrte\u0161ke..). U neposrednoj blizini su supermarketi, apoteke, mesare, pekare&#8230; a na samo 300-400m brojni kafi\u0107i, restorani, poslasti\u010darnice koje nikoga ne\u0107e ostaviti ravnodu\u0161nim. Parking za goste koji dolaze sopstvenim prevozom je ispred same vile Edem. Studiji u Vili Edem su raznovrsni. Svake godine se po ne\u0161to renovira, tako da pojedini studiji imaju stariji name\u0161taj, neki noviji ili \u010dak izme\u0161ano. U svakom slu\u010daju svi studiji su funkcionalni, te u\u017eivanje mo\u017ee da po\u010dne.<\/em><\/p>","protected":false},"excerpt":{"rendered":"<p>Sorry, this entry is only available in Serbian. For the sake of viewer convenience, the content is shown below in the alternative language. You may click the link to switch the active language.se nalazi u centralnom delu glavnog grada ostrva Tasos Limenas. Lokacijski, vila Edem je na 400 metara udaljena od luke, centra i \u0161etali\u0161ta, [&hellip;]<\/p>\n","protected":false},"author":4,"featured_media":18136,"parent":892,"menu_order":0,"comment_status":"closed","ping_status":"closed","template":"templates\/template-cetvrta-dub.php","meta":{"footnotes":""},"class_list":["post-18135","page","type-page","status-publish","has-post-thumbnail","hentry"],"yoast_head":"<!-- This site is optimized with the Yoast SEO plugin v24.2 - https:\/\/yoast.com\/wordpress\/plugins\/seo\/ -->\n<title>Vila Edem - Limenas - Nature Travel Office<\/title>\n<meta name=\"robots\" content=\"index, follow, max-snippet:-1, max-image-preview:large, max-video-preview:-1\" \/>\n<link rel=\"canonical\" href=\"https:\/\/naturetraveloffice.com\/leto\/grcka\/grcka-ostrva\/tasos\/vila-edem-limenas\/\" \/>\n<meta property=\"og:locale\" content=\"en_US\" \/>\n<meta property=\"og:type\" content=\"article\" \/>\n<meta property=\"og:title\" content=\"Vila Edem - Limenas - Nature Travel Office\" \/>\n<meta property=\"og:description\" content=\"Sorry, this entry is only available in Serbian. For the sake of viewer convenience, the content is shown below in the alternative language. You may click the link to switch the active language.se nalazi u centralnom delu glavnog grada ostrva Tasos Limenas. Lokacijski, vila Edem je na 400 metara udaljena od luke, centra i \u0161etali\u0161ta, [&hellip;]\" \/>\n<meta property=\"og:url\" content=\"https:\/\/naturetraveloffice.com\/leto\/grcka\/grcka-ostrva\/tasos\/vila-edem-limenas\/\" \/>\n<meta property=\"og:site_name\" content=\"Nature Travel Office\" \/>\n<meta property=\"og:image\" content=\"https:\/\/naturetraveloffice.com\/wp-content\/uploads\/2026\/02\/Vila-Edem-Tasos-36.jpg\" \/>\n\t<meta property=\"og:image:width\" content=\"1400\" \/>\n\t<meta property=\"og:image:height\" content=\"1050\" \/>\n\t<meta property=\"og:image:type\" content=\"image\/jpeg\" \/>\n<meta name=\"twitter:card\" content=\"summary_large_image\" \/>\n<meta name=\"twitter:label1\" content=\"Est. reading time\" \/>\n\t<meta name=\"twitter:data1\" content=\"2 minutes\" \/>\n<script type=\"application\/ld+json\" class=\"yoast-schema-graph\">{\"@context\":\"https:\/\/schema.org\",\"@graph\":[{\"@type\":\"WebPage\",\"@id\":\"https:\/\/naturetraveloffice.com\/leto\/grcka\/grcka-ostrva\/tasos\/vila-edem-limenas\/\",\"url\":\"https:\/\/naturetraveloffice.com\/leto\/grcka\/grcka-ostrva\/tasos\/vila-edem-limenas\/\",\"name\":\"Vila Edem - Limenas - Nature Travel Office\",\"isPartOf\":{\"@id\":\"https:\/\/naturetraveloffice.com\/#website\"},\"primaryImageOfPage\":{\"@id\":\"https:\/\/naturetraveloffice.com\/leto\/grcka\/grcka-ostrva\/tasos\/vila-edem-limenas\/#primaryimage\"},\"image\":{\"@id\":\"https:\/\/naturetraveloffice.com\/leto\/grcka\/grcka-ostrva\/tasos\/vila-edem-limenas\/#primaryimage\"},\"thumbnailUrl\":\"https:\/\/naturetraveloffice.com\/wp-content\/uploads\/2026\/02\/Vila-Edem-Tasos-36.jpg\",\"datePublished\":\"2026-02-20T19:58:45+00:00\",\"dateModified\":\"2026-02-20T19:58:45+00:00\",\"breadcrumb\":{\"@id\":\"https:\/\/naturetraveloffice.com\/leto\/grcka\/grcka-ostrva\/tasos\/vila-edem-limenas\/#breadcrumb\"},\"inLanguage\":\"en-US\",\"potentialAction\":[{\"@type\":\"ReadAction\",\"target\":[\"https:\/\/naturetraveloffice.com\/leto\/grcka\/grcka-ostrva\/tasos\/vila-edem-limenas\/\"]}]},{\"@type\":\"ImageObject\",\"inLanguage\":\"en-US\",\"@id\":\"https:\/\/naturetraveloffice.com\/leto\/grcka\/grcka-ostrva\/tasos\/vila-edem-limenas\/#primaryimage\",\"url\":\"https:\/\/naturetraveloffice.com\/wp-content\/uploads\/2026\/02\/Vila-Edem-Tasos-36.jpg\",\"contentUrl\":\"https:\/\/naturetraveloffice.com\/wp-content\/uploads\/2026\/02\/Vila-Edem-Tasos-36.jpg\",\"width\":1400,\"height\":1050},{\"@type\":\"BreadcrumbList\",\"@id\":\"https:\/\/naturetraveloffice.com\/leto\/grcka\/grcka-ostrva\/tasos\/vila-edem-limenas\/#breadcrumb\",\"itemListElement\":[{\"@type\":\"ListItem\",\"position\":1,\"name\":\"Po\u010detna\",\"item\":\"https:\/\/naturetraveloffice.com\/\"},{\"@type\":\"ListItem\",\"position\":2,\"name\":\"Letovanje\",\"item\":\"https:\/\/naturetraveloffice.com\/leto\/\"},{\"@type\":\"ListItem\",\"position\":3,\"name\":\"Gr\u010dka\",\"item\":\"https:\/\/naturetraveloffice.com\/leto\/grcka\/\"},{\"@type\":\"ListItem\",\"position\":4,\"name\":\"Gr\u010dka ostrva\",\"item\":\"https:\/\/naturetraveloffice.com\/leto\/grcka\/grcka-ostrva\/\"},{\"@type\":\"ListItem\",\"position\":5,\"name\":\"Tasos\",\"item\":\"https:\/\/naturetraveloffice.com\/leto\/grcka\/grcka-ostrva\/tasos\/\"},{\"@type\":\"ListItem\",\"position\":6,\"name\":\"Vila Edem &#8211; Limenas\"}]},{\"@type\":\"WebSite\",\"@id\":\"https:\/\/naturetraveloffice.com\/#website\",\"url\":\"https:\/\/naturetraveloffice.com\/\",\"name\":\"Nature Travel Office\",\"description\":\"\",\"potentialAction\":[{\"@type\":\"SearchAction\",\"target\":{\"@type\":\"EntryPoint\",\"urlTemplate\":\"https:\/\/naturetraveloffice.com\/?s={search_term_string}\"},\"query-input\":{\"@type\":\"PropertyValueSpecification\",\"valueRequired\":true,\"valueName\":\"search_term_string\"}}],\"inLanguage\":\"en-US\"}]}<\/script>\n<!-- \/ Yoast SEO plugin. -->","yoast_head_json":{"title":"Vila Edem - Limenas - Nature Travel Office","robots":{"index":"index","follow":"follow","max-snippet":"max-snippet:-1","max-image-preview":"max-image-preview:large","max-video-preview":"max-video-preview:-1"},"canonical":"https:\/\/naturetraveloffice.com\/leto\/grcka\/grcka-ostrva\/tasos\/vila-edem-limenas\/","og_locale":"en_US","og_type":"article","og_title":"Vila Edem - Limenas - Nature Travel Office","og_description":"Sorry, this entry is only available in Serbian. For the sake of viewer convenience, the content is shown below in the alternative language. You may click the link to switch the active language.se nalazi u centralnom delu glavnog grada ostrva Tasos Limenas. Lokacijski, vila Edem je na 400 metara udaljena od luke, centra i \u0161etali\u0161ta, [&hellip;]","og_url":"https:\/\/naturetraveloffice.com\/leto\/grcka\/grcka-ostrva\/tasos\/vila-edem-limenas\/","og_site_name":"Nature Travel Office","og_image":[{"width":1400,"height":1050,"url":"https:\/\/naturetraveloffice.com\/wp-content\/uploads\/2026\/02\/Vila-Edem-Tasos-36.jpg","type":"image\/jpeg"}],"twitter_card":"summary_large_image","twitter_misc":{"Est. reading time":"2 minutes"},"schema":{"@context":"https:\/\/schema.org","@graph":[{"@type":"WebPage","@id":"https:\/\/naturetraveloffice.com\/leto\/grcka\/grcka-ostrva\/tasos\/vila-edem-limenas\/","url":"https:\/\/naturetraveloffice.com\/leto\/grcka\/grcka-ostrva\/tasos\/vila-edem-limenas\/","name":"Vila Edem - Limenas - Nature Travel Office","isPartOf":{"@id":"https:\/\/naturetraveloffice.com\/#website"},"primaryImageOfPage":{"@id":"https:\/\/naturetraveloffice.com\/leto\/grcka\/grcka-ostrva\/tasos\/vila-edem-limenas\/#primaryimage"},"image":{"@id":"https:\/\/naturetraveloffice.com\/leto\/grcka\/grcka-ostrva\/tasos\/vila-edem-limenas\/#primaryimage"},"thumbnailUrl":"https:\/\/naturetraveloffice.com\/wp-content\/uploads\/2026\/02\/Vila-Edem-Tasos-36.jpg","datePublished":"2026-02-20T19:58:45+00:00","dateModified":"2026-02-20T19:58:45+00:00","breadcrumb":{"@id":"https:\/\/naturetraveloffice.com\/leto\/grcka\/grcka-ostrva\/tasos\/vila-edem-limenas\/#breadcrumb"},"inLanguage":"en-US","potentialAction":[{"@type":"ReadAction","target":["https:\/\/naturetraveloffice.com\/leto\/grcka\/grcka-ostrva\/tasos\/vila-edem-limenas\/"]}]},{"@type":"ImageObject","inLanguage":"en-US","@id":"https:\/\/naturetraveloffice.com\/leto\/grcka\/grcka-ostrva\/tasos\/vila-edem-limenas\/#primaryimage","url":"https:\/\/naturetraveloffice.com\/wp-content\/uploads\/2026\/02\/Vila-Edem-Tasos-36.jpg","contentUrl":"https:\/\/naturetraveloffice.com\/wp-content\/uploads\/2026\/02\/Vila-Edem-Tasos-36.jpg","width":1400,"height":1050},{"@type":"BreadcrumbList","@id":"https:\/\/naturetraveloffice.com\/leto\/grcka\/grcka-ostrva\/tasos\/vila-edem-limenas\/#breadcrumb","itemListElement":[{"@type":"ListItem","position":1,"name":"Po\u010detna","item":"https:\/\/naturetraveloffice.com\/"},{"@type":"ListItem","position":2,"name":"Letovanje","item":"https:\/\/naturetraveloffice.com\/leto\/"},{"@type":"ListItem","position":3,"name":"Gr\u010dka","item":"https:\/\/naturetraveloffice.com\/leto\/grcka\/"},{"@type":"ListItem","position":4,"name":"Gr\u010dka ostrva","item":"https:\/\/naturetraveloffice.com\/leto\/grcka\/grcka-ostrva\/"},{"@type":"ListItem","position":5,"name":"Tasos","item":"https:\/\/naturetraveloffice.com\/leto\/grcka\/grcka-ostrva\/tasos\/"},{"@type":"ListItem","position":6,"name":"Vila Edem &#8211; Limenas"}]},{"@type":"WebSite","@id":"https:\/\/naturetraveloffice.com\/#website","url":"https:\/\/naturetraveloffice.com\/","name":"Nature Travel Office","description":"","potentialAction":[{"@type":"SearchAction","target":{"@type":"EntryPoint","urlTemplate":"https:\/\/naturetraveloffice.com\/?s={search_term_string}"},"query-input":{"@type":"PropertyValueSpecification","valueRequired":true,"valueName":"search_term_string"}}],"inLanguage":"en-US"}]}},"_links":{"self":[{"href":"https:\/\/naturetraveloffice.com\/en\/wp-json\/wp\/v2\/pages\/18135","targetHints":{"allow":["GET"]}}],"collection":[{"href":"https:\/\/naturetraveloffice.com\/en\/wp-json\/wp\/v2\/pages"}],"about":[{"href":"https:\/\/naturetraveloffice.com\/en\/wp-json\/wp\/v2\/types\/page"}],"author":[{"embeddable":true,"href":"https:\/\/naturetraveloffice.com\/en\/wp-json\/wp\/v2\/users\/4"}],"replies":[{"embeddable":true,"href":"https:\/\/naturetraveloffice.com\/en\/wp-json\/wp\/v2\/comments?post=18135"}],"version-history":[{"count":0,"href":"https:\/\/naturetraveloffice.com\/en\/wp-json\/wp\/v2\/pages\/18135\/revisions"}],"up":[{"embeddable":true,"href":"https:\/\/naturetraveloffice.com\/en\/wp-json\/wp\/v2\/pages\/892"}],"wp:featuredmedia":[{"embeddable":true,"href":"https:\/\/naturetraveloffice.com\/en\/wp-json\/wp\/v2\/media\/18136"}],"wp:attachment":[{"href":"https:\/\/naturetraveloffice.com\/en\/wp-json\/wp\/v2\/media?parent=18135"}],"curies":[{"name":"wp","href":"https:\/\/api.w.org\/{rel}","templated":true}]}}

<p class="qtranxs-available-languages-message qtranxs-available-languages-message-en">Sorry, this entry is only available in <a href="https://naturetraveloffice.com/sr/wp-json/wp/v2/pages/18135" class="qtranxs-available-language-link qtranxs-available-language-link-sr" title="Serbian">Serbian</a>. For the sake of viewer convenience, the content is shown below in the alternative language. You may click the link to switch the active language.</p><p><em>se nalazi u centralnom delu glavnog grada ostrva Tasos Limenas. Lokacijski, vila Edem je na 400 metara udaljena od luke, centra i šetališta, a od najbliže plaže nekih 600 metara. Vila Edem je okružena zelenilom, gde u potpunom miru možete uživati pored prelepog bazena koji vila poseduje. Prelepo dvorište sa puno drveća Vam donosi spokoj iako ste u skoro strogom centru glavnog grada. Pored bazena je i pool bar gde se možete osvežiti ili eventualno pojesti nešto. Vila Edem je osim za parove i društvo, jako pogodna i za porodice, jer pored pomenutog bazena, vila poseduje razne „igračke“ za decu (mini tobogani, vrteške..). U neposrednoj blizini su supermarketi, apoteke, mesare, pekare&#8230; a na samo 300-400m brojni kafići, restorani, poslastičarnice koje nikoga neće ostaviti ravnodušnim. Parking za goste koji dolaze sopstvenim prevozom je ispred same vile Edem. Studiji u Vili Edem su raznovrsni. Svake godine se po nešto renovira, tako da pojedini studiji imaju stariji nameštaj, neki noviji ili čak izmešano. U svakom slučaju svi studiji su funkcionalni, te uživanje može da počne.</em></p>

<p>Sorry, this entry is only available in Serbian. For the sake of viewer convenience, the content is shown below in the alternative language. You may click the link to switch the active language.se nalazi u centralnom delu glavnog grada ostrva Tasos Limenas. Lokacijski, vila Edem je na 400 metara udaljena od luke, centra i šetališta, [&hellip;]</p>

<!-- This site is optimized with the Yoast SEO plugin v24.2 - https://yoast.com/wordpress/plugins/seo/ -->
<title>Vila Edem - Limenas - Nature Travel Office</title>
<meta name="robots" content="index, follow, max-snippet:-1, max-image-preview:large, max-video-preview:-1" />
<link rel="canonical" href="https://naturetraveloffice.com/leto/grcka/grcka-ostrva/tasos/vila-edem-limenas/" />
<meta property="og:locale" content="en_US" />
<meta property="og:type" content="article" />
<meta property="og:title" content="Vila Edem - Limenas - Nature Travel Office" />
<meta property="og:description" content="Sorry, this entry is only available in Serbian. For the sake of viewer convenience, the content is shown below in the alternative language. You may click the link to switch the active language.se nalazi u centralnom delu glavnog grada ostrva Tasos Limenas. Lokacijski, vila Edem je na 400 metara udaljena od luke, centra i šetališta, [&hellip;]" />
<meta property="og:url" content="https://naturetraveloffice.com/leto/grcka/grcka-ostrva/tasos/vila-edem-limenas/" />
<meta property="og:site_name" content="Nature Travel Office" />
<meta property="og:image" content="https://naturetraveloffice.com/wp-content/uploads/2026/02/Vila-Edem-Tasos-36.jpg" />
	<meta property="og:image:width" content="1400" />
	<meta property="og:image:height" content="1050" />
	<meta property="og:image:type" content="image/jpeg" />
<meta name="twitter:card" content="summary_large_image" />
<meta name="twitter:label1" content="Est. reading time" />
	<meta name="twitter:data1" content="2 minutes" />
<script type="application/ld+json" class="yoast-schema-graph">{"@context":"https://schema.org","@graph":[{"@type":"WebPage","@id":"https://naturetraveloffice.com/leto/grcka/grcka-ostrva/tasos/vila-edem-limenas/","url":"https://naturetraveloffice.com/leto/grcka/grcka-ostrva/tasos/vila-edem-limenas/","name":"Vila Edem - Limenas - Nature Travel Office","isPartOf":{"@id":"https://naturetraveloffice.com/#website"},"primaryImageOfPage":{"@id":"https://naturetraveloffice.com/leto/grcka/grcka-ostrva/tasos/vila-edem-limenas/#primaryimage"},"image":{"@id":"https://naturetraveloffice.com/leto/grcka/grcka-ostrva/tasos/vila-edem-limenas/#primaryimage"},"thumbnailUrl":"https://naturetraveloffice.com/wp-content/uploads/2026/02/Vila-Edem-Tasos-36.jpg","datePublished":"2026-02-20T19:58:45+00:00","dateModified":"2026-02-20T19:58:45+00:00","breadcrumb":{"@id":"https://naturetraveloffice.com/leto/grcka/grcka-ostrva/tasos/vila-edem-limenas/#breadcrumb"},"inLanguage":"en-US","potentialAction":[{"@type":"ReadAction","target":["https://naturetraveloffice.com/leto/grcka/grcka-ostrva/tasos/vila-edem-limenas/"]}]},{"@type":"ImageObject","inLanguage":"en-US","@id":"https://naturetraveloffice.com/leto/grcka/grcka-ostrva/tasos/vila-edem-limenas/#primaryimage","url":"https://naturetraveloffice.com/wp-content/uploads/2026/02/Vila-Edem-Tasos-36.jpg","contentUrl":"https://naturetraveloffice.com/wp-content/uploads/2026/02/Vila-Edem-Tasos-36.jpg","width":1400,"height":1050},{"@type":"BreadcrumbList","@id":"https://naturetraveloffice.com/leto/grcka/grcka-ostrva/tasos/vila-edem-limenas/#breadcrumb","itemListElement":[{"@type":"ListItem","position":1,"name":"Početna","item":"https://naturetraveloffice.com/"},{"@type":"ListItem","position":2,"name":"Letovanje","item":"https://naturetraveloffice.com/leto/"},{"@type":"ListItem","position":3,"name":"Grčka","item":"https://naturetraveloffice.com/leto/grcka/"},{"@type":"ListItem","position":4,"name":"Grčka ostrva","item":"https://naturetraveloffice.com/leto/grcka/grcka-ostrva/"},{"@type":"ListItem","position":5,"name":"Tasos","item":"https://naturetraveloffice.com/leto/grcka/grcka-ostrva/tasos/"},{"@type":"ListItem","position":6,"name":"Vila Edem &#8211; Limenas"}]},{"@type":"WebSite","@id":"https://naturetraveloffice.com/#website","url":"https://naturetraveloffice.com/","name":"Nature Travel Office","description":"","potentialAction":[{"@type":"SearchAction","target":{"@type":"EntryPoint","urlTemplate":"https://naturetraveloffice.com/?s={search_term_string}"},"query-input":{"@type":"PropertyValueSpecification","valueRequired":true,"valueName":"search_term_string"}}],"inLanguage":"en-US"}]}</script>
<!-- / Yoast SEO plugin. -->

Sorry, this entry is only available in Serbian. For the sake of viewer convenience, the content is shown below in the alternative language. You may click the link to switch the active language.se nalazi u centralnom delu glavnog grada ostrva Tasos Limenas. Lokacijski, vila Edem je na 400 metara udaljena od luke, centra i šetališta, [&hellip;]

Početna

Grčka

Grčka ostrva
