{"id":1596,"date":"2018-04-05T13:51:58","date_gmt":"2018-04-05T13:51:58","guid":{"rendered":"http:\/\/naturetraveloffice.com\/?page_id=1596"},"modified":"2026-02-20T16:52:44","modified_gmt":"2026-02-20T16:52:44","slug":"vila-janis-limenas","status":"publish","type":"page","link":"https:\/\/naturetraveloffice.com\/en\/leto\/grcka\/grcka-ostrva\/tasos\/vila-janis-limenas\/","title":{"rendered":"Vila Janis &#8211; Limenas"},"content":{"rendered":"<p class=\"qtranxs-available-languages-message qtranxs-available-languages-message-en\">Sorry, this entry is only available in <a href=\"https:\/\/naturetraveloffice.com\/sr\/wp-json\/wp\/v2\/pages\/1596\" class=\"qtranxs-available-language-link qtranxs-available-language-link-sr\" title=\"Serbian\">Serbian<\/a>. For the sake of viewer convenience, the content is shown below in the alternative language. You may click the link to switch the active language.<\/p><p>Letnja ponuda za Tasos oboga\u0107ena je\u00a0 vilom Janis\u00a0 \u010dije \u0107e sobe biti kompletno renovirane za letovanje 2018. Ova vila se nalazi u \u0161irem centru Limenasa u blizini obale mora i na oko 10-ak minuta hoda do gradske pla\u017ee. Raspola\u017ee dvokrevetnim i trokrevetnim studijima, kao i \u010detvorokrevetnim apartmanima. Sve sme\u0161tajne jedinice imaju opremljenu \u010dajnu kuhinju, kupatilo, terasu, TV, AC (dopla\u0107uje se 5 eur-a po danu). Prijatna atmosfera i ljubazni doma\u0107in svakako \u0107e dodatno ulep\u0161ati Va\u0161 savr\u0161en odmor.<\/p>","protected":false},"excerpt":{"rendered":"<p>Sorry, this entry is only available in Serbian. For the sake of viewer convenience, the content is shown below in the alternative language. You may click the link to switch the active language.Letnja ponuda za Tasos oboga\u0107ena je\u00a0 vilom Janis\u00a0 \u010dije \u0107e sobe biti kompletno renovirane za letovanje 2018. Ova vila se nalazi u \u0161irem [&hellip;]<\/p>\n","protected":false},"author":4,"featured_media":1597,"parent":892,"menu_order":7,"comment_status":"closed","ping_status":"closed","template":"templates\/template-cetvrta-dub.php","meta":{"footnotes":""},"class_list":["post-1596","page","type-page","status-publish","has-post-thumbnail","hentry"],"yoast_head":"<!-- This site is optimized with the Yoast SEO plugin v24.2 - https:\/\/yoast.com\/wordpress\/plugins\/seo\/ -->\n<title>Vila Janis - Limenas - Nature Travel Office<\/title>\n<meta name=\"robots\" content=\"index, follow, max-snippet:-1, max-image-preview:large, max-video-preview:-1\" \/>\n<link rel=\"canonical\" href=\"https:\/\/naturetraveloffice.com\/leto\/grcka\/grcka-ostrva\/tasos\/vila-janis-limenas\/\" \/>\n<meta property=\"og:locale\" content=\"en_US\" \/>\n<meta property=\"og:type\" content=\"article\" \/>\n<meta property=\"og:title\" content=\"Vila Janis - Limenas - Nature Travel Office\" \/>\n<meta property=\"og:description\" content=\"Sorry, this entry is only available in Serbian. For the sake of viewer convenience, the content is shown below in the alternative language. You may click the link to switch the active language.Letnja ponuda za Tasos oboga\u0107ena je\u00a0 vilom Janis\u00a0 \u010dije \u0107e sobe biti kompletno renovirane za letovanje 2018. Ova vila se nalazi u \u0161irem [&hellip;]\" \/>\n<meta property=\"og:url\" content=\"https:\/\/naturetraveloffice.com\/leto\/grcka\/grcka-ostrva\/tasos\/vila-janis-limenas\/\" \/>\n<meta property=\"og:site_name\" content=\"Nature Travel Office\" \/>\n<meta property=\"article:modified_time\" content=\"2026-02-20T16:52:44+00:00\" \/>\n<meta property=\"og:image\" content=\"https:\/\/naturetraveloffice.com\/wp-content\/uploads\/2018\/04\/vila_janis_limenas_tasos_aquatravel-1200x700.jpg\" \/>\n\t<meta property=\"og:image:width\" content=\"1200\" \/>\n\t<meta property=\"og:image:height\" content=\"700\" \/>\n\t<meta property=\"og:image:type\" content=\"image\/jpeg\" \/>\n<meta name=\"twitter:card\" content=\"summary_large_image\" \/>\n<meta name=\"twitter:label1\" content=\"Est. reading time\" \/>\n\t<meta name=\"twitter:data1\" content=\"1 minute\" \/>\n<script type=\"application\/ld+json\" class=\"yoast-schema-graph\">{\"@context\":\"https:\/\/schema.org\",\"@graph\":[{\"@type\":\"WebPage\",\"@id\":\"https:\/\/naturetraveloffice.com\/leto\/grcka\/grcka-ostrva\/tasos\/vila-janis-limenas\/\",\"url\":\"https:\/\/naturetraveloffice.com\/leto\/grcka\/grcka-ostrva\/tasos\/vila-janis-limenas\/\",\"name\":\"Vila Janis - Limenas - Nature Travel Office\",\"isPartOf\":{\"@id\":\"https:\/\/naturetraveloffice.com\/#website\"},\"primaryImageOfPage\":{\"@id\":\"https:\/\/naturetraveloffice.com\/leto\/grcka\/grcka-ostrva\/tasos\/vila-janis-limenas\/#primaryimage\"},\"image\":{\"@id\":\"https:\/\/naturetraveloffice.com\/leto\/grcka\/grcka-ostrva\/tasos\/vila-janis-limenas\/#primaryimage\"},\"thumbnailUrl\":\"https:\/\/naturetraveloffice.com\/wp-content\/uploads\/2018\/04\/vila_janis_limenas_tasos_aquatravel-1200x700.jpg\",\"datePublished\":\"2018-04-05T13:51:58+00:00\",\"dateModified\":\"2026-02-20T16:52:44+00:00\",\"breadcrumb\":{\"@id\":\"https:\/\/naturetraveloffice.com\/leto\/grcka\/grcka-ostrva\/tasos\/vila-janis-limenas\/#breadcrumb\"},\"inLanguage\":\"en-US\",\"potentialAction\":[{\"@type\":\"ReadAction\",\"target\":[\"https:\/\/naturetraveloffice.com\/leto\/grcka\/grcka-ostrva\/tasos\/vila-janis-limenas\/\"]}]},{\"@type\":\"ImageObject\",\"inLanguage\":\"en-US\",\"@id\":\"https:\/\/naturetraveloffice.com\/leto\/grcka\/grcka-ostrva\/tasos\/vila-janis-limenas\/#primaryimage\",\"url\":\"https:\/\/naturetraveloffice.com\/wp-content\/uploads\/2018\/04\/vila_janis_limenas_tasos_aquatravel-1200x700.jpg\",\"contentUrl\":\"https:\/\/naturetraveloffice.com\/wp-content\/uploads\/2018\/04\/vila_janis_limenas_tasos_aquatravel-1200x700.jpg\",\"width\":\"1200\",\"height\":\"700\"},{\"@type\":\"BreadcrumbList\",\"@id\":\"https:\/\/naturetraveloffice.com\/leto\/grcka\/grcka-ostrva\/tasos\/vila-janis-limenas\/#breadcrumb\",\"itemListElement\":[{\"@type\":\"ListItem\",\"position\":1,\"name\":\"Po\u010detna\",\"item\":\"https:\/\/naturetraveloffice.com\/\"},{\"@type\":\"ListItem\",\"position\":2,\"name\":\"Letovanje\",\"item\":\"https:\/\/naturetraveloffice.com\/leto\/\"},{\"@type\":\"ListItem\",\"position\":3,\"name\":\"Gr\u010dka\",\"item\":\"https:\/\/naturetraveloffice.com\/leto\/grcka\/\"},{\"@type\":\"ListItem\",\"position\":4,\"name\":\"Gr\u010dka ostrva\",\"item\":\"https:\/\/naturetraveloffice.com\/leto\/grcka\/grcka-ostrva\/\"},{\"@type\":\"ListItem\",\"position\":5,\"name\":\"Tasos\",\"item\":\"https:\/\/naturetraveloffice.com\/leto\/grcka\/grcka-ostrva\/tasos\/\"},{\"@type\":\"ListItem\",\"position\":6,\"name\":\"Vila Janis &#8211; Limenas\"}]},{\"@type\":\"WebSite\",\"@id\":\"https:\/\/naturetraveloffice.com\/#website\",\"url\":\"https:\/\/naturetraveloffice.com\/\",\"name\":\"Nature Travel Office\",\"description\":\"\",\"potentialAction\":[{\"@type\":\"SearchAction\",\"target\":{\"@type\":\"EntryPoint\",\"urlTemplate\":\"https:\/\/naturetraveloffice.com\/?s={search_term_string}\"},\"query-input\":{\"@type\":\"PropertyValueSpecification\",\"valueRequired\":true,\"valueName\":\"search_term_string\"}}],\"inLanguage\":\"en-US\"}]}<\/script>\n<!-- \/ Yoast SEO plugin. -->","yoast_head_json":{"title":"Vila Janis - Limenas - Nature Travel Office","robots":{"index":"index","follow":"follow","max-snippet":"max-snippet:-1","max-image-preview":"max-image-preview:large","max-video-preview":"max-video-preview:-1"},"canonical":"https:\/\/naturetraveloffice.com\/leto\/grcka\/grcka-ostrva\/tasos\/vila-janis-limenas\/","og_locale":"en_US","og_type":"article","og_title":"Vila Janis - Limenas - Nature Travel Office","og_description":"Sorry, this entry is only available in Serbian. For the sake of viewer convenience, the content is shown below in the alternative language. You may click the link to switch the active language.Letnja ponuda za Tasos oboga\u0107ena je\u00a0 vilom Janis\u00a0 \u010dije \u0107e sobe biti kompletno renovirane za letovanje 2018. Ova vila se nalazi u \u0161irem [&hellip;]","og_url":"https:\/\/naturetraveloffice.com\/leto\/grcka\/grcka-ostrva\/tasos\/vila-janis-limenas\/","og_site_name":"Nature Travel Office","article_modified_time":"2026-02-20T16:52:44+00:00","og_image":[{"width":1200,"height":700,"url":"https:\/\/naturetraveloffice.com\/wp-content\/uploads\/2018\/04\/vila_janis_limenas_tasos_aquatravel-1200x700.jpg","type":"image\/jpeg"}],"twitter_card":"summary_large_image","twitter_misc":{"Est. reading time":"1 minute"},"schema":{"@context":"https:\/\/schema.org","@graph":[{"@type":"WebPage","@id":"https:\/\/naturetraveloffice.com\/leto\/grcka\/grcka-ostrva\/tasos\/vila-janis-limenas\/","url":"https:\/\/naturetraveloffice.com\/leto\/grcka\/grcka-ostrva\/tasos\/vila-janis-limenas\/","name":"Vila Janis - Limenas - Nature Travel Office","isPartOf":{"@id":"https:\/\/naturetraveloffice.com\/#website"},"primaryImageOfPage":{"@id":"https:\/\/naturetraveloffice.com\/leto\/grcka\/grcka-ostrva\/tasos\/vila-janis-limenas\/#primaryimage"},"image":{"@id":"https:\/\/naturetraveloffice.com\/leto\/grcka\/grcka-ostrva\/tasos\/vila-janis-limenas\/#primaryimage"},"thumbnailUrl":"https:\/\/naturetraveloffice.com\/wp-content\/uploads\/2018\/04\/vila_janis_limenas_tasos_aquatravel-1200x700.jpg","datePublished":"2018-04-05T13:51:58+00:00","dateModified":"2026-02-20T16:52:44+00:00","breadcrumb":{"@id":"https:\/\/naturetraveloffice.com\/leto\/grcka\/grcka-ostrva\/tasos\/vila-janis-limenas\/#breadcrumb"},"inLanguage":"en-US","potentialAction":[{"@type":"ReadAction","target":["https:\/\/naturetraveloffice.com\/leto\/grcka\/grcka-ostrva\/tasos\/vila-janis-limenas\/"]}]},{"@type":"ImageObject","inLanguage":"en-US","@id":"https:\/\/naturetraveloffice.com\/leto\/grcka\/grcka-ostrva\/tasos\/vila-janis-limenas\/#primaryimage","url":"https:\/\/naturetraveloffice.com\/wp-content\/uploads\/2018\/04\/vila_janis_limenas_tasos_aquatravel-1200x700.jpg","contentUrl":"https:\/\/naturetraveloffice.com\/wp-content\/uploads\/2018\/04\/vila_janis_limenas_tasos_aquatravel-1200x700.jpg","width":"1200","height":"700"},{"@type":"BreadcrumbList","@id":"https:\/\/naturetraveloffice.com\/leto\/grcka\/grcka-ostrva\/tasos\/vila-janis-limenas\/#breadcrumb","itemListElement":[{"@type":"ListItem","position":1,"name":"Po\u010detna","item":"https:\/\/naturetraveloffice.com\/"},{"@type":"ListItem","position":2,"name":"Letovanje","item":"https:\/\/naturetraveloffice.com\/leto\/"},{"@type":"ListItem","position":3,"name":"Gr\u010dka","item":"https:\/\/naturetraveloffice.com\/leto\/grcka\/"},{"@type":"ListItem","position":4,"name":"Gr\u010dka ostrva","item":"https:\/\/naturetraveloffice.com\/leto\/grcka\/grcka-ostrva\/"},{"@type":"ListItem","position":5,"name":"Tasos","item":"https:\/\/naturetraveloffice.com\/leto\/grcka\/grcka-ostrva\/tasos\/"},{"@type":"ListItem","position":6,"name":"Vila Janis &#8211; Limenas"}]},{"@type":"WebSite","@id":"https:\/\/naturetraveloffice.com\/#website","url":"https:\/\/naturetraveloffice.com\/","name":"Nature Travel Office","description":"","potentialAction":[{"@type":"SearchAction","target":{"@type":"EntryPoint","urlTemplate":"https:\/\/naturetraveloffice.com\/?s={search_term_string}"},"query-input":{"@type":"PropertyValueSpecification","valueRequired":true,"valueName":"search_term_string"}}],"inLanguage":"en-US"}]}},"_links":{"self":[{"href":"https:\/\/naturetraveloffice.com\/en\/wp-json\/wp\/v2\/pages\/1596","targetHints":{"allow":["GET"]}}],"collection":[{"href":"https:\/\/naturetraveloffice.com\/en\/wp-json\/wp\/v2\/pages"}],"about":[{"href":"https:\/\/naturetraveloffice.com\/en\/wp-json\/wp\/v2\/types\/page"}],"author":[{"embeddable":true,"href":"https:\/\/naturetraveloffice.com\/en\/wp-json\/wp\/v2\/users\/4"}],"replies":[{"embeddable":true,"href":"https:\/\/naturetraveloffice.com\/en\/wp-json\/wp\/v2\/comments?post=1596"}],"version-history":[{"count":0,"href":"https:\/\/naturetraveloffice.com\/en\/wp-json\/wp\/v2\/pages\/1596\/revisions"}],"up":[{"embeddable":true,"href":"https:\/\/naturetraveloffice.com\/en\/wp-json\/wp\/v2\/pages\/892"}],"wp:featuredmedia":[{"embeddable":true,"href":"https:\/\/naturetraveloffice.com\/en\/wp-json\/wp\/v2\/media\/1597"}],"wp:attachment":[{"href":"https:\/\/naturetraveloffice.com\/en\/wp-json\/wp\/v2\/media?parent=1596"}],"curies":[{"name":"wp","href":"https:\/\/api.w.org\/{rel}","templated":true}]}}

<p class="qtranxs-available-languages-message qtranxs-available-languages-message-en">Sorry, this entry is only available in <a href="https://naturetraveloffice.com/sr/wp-json/wp/v2/pages/1596" class="qtranxs-available-language-link qtranxs-available-language-link-sr" title="Serbian">Serbian</a>. For the sake of viewer convenience, the content is shown below in the alternative language. You may click the link to switch the active language.</p><p>Letnja ponuda za Tasos obogaćena je  vilom Janis  čije će sobe biti kompletno renovirane za letovanje 2018. Ova vila se nalazi u širem centru Limenasa u blizini obale mora i na oko 10-ak minuta hoda do gradske plaže. Raspolaže dvokrevetnim i trokrevetnim studijima, kao i četvorokrevetnim apartmanima. Sve smeštajne jedinice imaju opremljenu čajnu kuhinju, kupatilo, terasu, TV, AC (doplaćuje se 5 eur-a po danu). Prijatna atmosfera i ljubazni domaćin svakako će dodatno ulepšati Vaš savršen odmor.</p>

<p>Sorry, this entry is only available in Serbian. For the sake of viewer convenience, the content is shown below in the alternative language. You may click the link to switch the active language.Letnja ponuda za Tasos obogaćena je  vilom Janis  čije će sobe biti kompletno renovirane za letovanje 2018. Ova vila se nalazi u širem [&hellip;]</p>

<!-- This site is optimized with the Yoast SEO plugin v24.2 - https://yoast.com/wordpress/plugins/seo/ -->
<title>Vila Janis - Limenas - Nature Travel Office</title>
<meta name="robots" content="index, follow, max-snippet:-1, max-image-preview:large, max-video-preview:-1" />
<link rel="canonical" href="https://naturetraveloffice.com/leto/grcka/grcka-ostrva/tasos/vila-janis-limenas/" />
<meta property="og:locale" content="en_US" />
<meta property="og:type" content="article" />
<meta property="og:title" content="Vila Janis - Limenas - Nature Travel Office" />
<meta property="og:description" content="Sorry, this entry is only available in Serbian. For the sake of viewer convenience, the content is shown below in the alternative language. You may click the link to switch the active language.Letnja ponuda za Tasos obogaćena je  vilom Janis  čije će sobe biti kompletno renovirane za letovanje 2018. Ova vila se nalazi u širem [&hellip;]" />
<meta property="og:url" content="https://naturetraveloffice.com/leto/grcka/grcka-ostrva/tasos/vila-janis-limenas/" />
<meta property="og:site_name" content="Nature Travel Office" />
<meta property="article:modified_time" content="2026-02-20T16:52:44+00:00" />
<meta property="og:image" content="https://naturetraveloffice.com/wp-content/uploads/2018/04/vila_janis_limenas_tasos_aquatravel-1200x700.jpg" />
	<meta property="og:image:width" content="1200" />
	<meta property="og:image:height" content="700" />
	<meta property="og:image:type" content="image/jpeg" />
<meta name="twitter:card" content="summary_large_image" />
<meta name="twitter:label1" content="Est. reading time" />
	<meta name="twitter:data1" content="1 minute" />
<script type="application/ld+json" class="yoast-schema-graph">{"@context":"https://schema.org","@graph":[{"@type":"WebPage","@id":"https://naturetraveloffice.com/leto/grcka/grcka-ostrva/tasos/vila-janis-limenas/","url":"https://naturetraveloffice.com/leto/grcka/grcka-ostrva/tasos/vila-janis-limenas/","name":"Vila Janis - Limenas - Nature Travel Office","isPartOf":{"@id":"https://naturetraveloffice.com/#website"},"primaryImageOfPage":{"@id":"https://naturetraveloffice.com/leto/grcka/grcka-ostrva/tasos/vila-janis-limenas/#primaryimage"},"image":{"@id":"https://naturetraveloffice.com/leto/grcka/grcka-ostrva/tasos/vila-janis-limenas/#primaryimage"},"thumbnailUrl":"https://naturetraveloffice.com/wp-content/uploads/2018/04/vila_janis_limenas_tasos_aquatravel-1200x700.jpg","datePublished":"2018-04-05T13:51:58+00:00","dateModified":"2026-02-20T16:52:44+00:00","breadcrumb":{"@id":"https://naturetraveloffice.com/leto/grcka/grcka-ostrva/tasos/vila-janis-limenas/#breadcrumb"},"inLanguage":"en-US","potentialAction":[{"@type":"ReadAction","target":["https://naturetraveloffice.com/leto/grcka/grcka-ostrva/tasos/vila-janis-limenas/"]}]},{"@type":"ImageObject","inLanguage":"en-US","@id":"https://naturetraveloffice.com/leto/grcka/grcka-ostrva/tasos/vila-janis-limenas/#primaryimage","url":"https://naturetraveloffice.com/wp-content/uploads/2018/04/vila_janis_limenas_tasos_aquatravel-1200x700.jpg","contentUrl":"https://naturetraveloffice.com/wp-content/uploads/2018/04/vila_janis_limenas_tasos_aquatravel-1200x700.jpg","width":"1200","height":"700"},{"@type":"BreadcrumbList","@id":"https://naturetraveloffice.com/leto/grcka/grcka-ostrva/tasos/vila-janis-limenas/#breadcrumb","itemListElement":[{"@type":"ListItem","position":1,"name":"Početna","item":"https://naturetraveloffice.com/"},{"@type":"ListItem","position":2,"name":"Letovanje","item":"https://naturetraveloffice.com/leto/"},{"@type":"ListItem","position":3,"name":"Grčka","item":"https://naturetraveloffice.com/leto/grcka/"},{"@type":"ListItem","position":4,"name":"Grčka ostrva","item":"https://naturetraveloffice.com/leto/grcka/grcka-ostrva/"},{"@type":"ListItem","position":5,"name":"Tasos","item":"https://naturetraveloffice.com/leto/grcka/grcka-ostrva/tasos/"},{"@type":"ListItem","position":6,"name":"Vila Janis &#8211; Limenas"}]},{"@type":"WebSite","@id":"https://naturetraveloffice.com/#website","url":"https://naturetraveloffice.com/","name":"Nature Travel Office","description":"","potentialAction":[{"@type":"SearchAction","target":{"@type":"EntryPoint","urlTemplate":"https://naturetraveloffice.com/?s={search_term_string}"},"query-input":{"@type":"PropertyValueSpecification","valueRequired":true,"valueName":"search_term_string"}}],"inLanguage":"en-US"}]}</script>
<!-- / Yoast SEO plugin. -->

Sorry, this entry is only available in Serbian. For the sake of viewer convenience, the content is shown below in the alternative language. You may click the link to switch the active language.Letnja ponuda za Tasos obogaćena je  vilom Janis  čije će sobe biti kompletno renovirane za letovanje 2018. Ova vila se nalazi u širem [&hellip;]

Početna

Grčka

Grčka ostrva
